-3. Suppose q*f = 12 + 44. What is the tens digit of f?
1
Suppose -2*n + 5*x = -860, 2*n - 2*x - 515 = 351. What is the tens digit of (-1 - -5)*n/60?
2
Let p(m) = m**3 - 4*m**2 + 3*m - 16. Let y be p(4). What is the tens digit of (-732)/(-9) + (y - (-14)/3)?
8
Suppose 0 = -3*l - 0*s - 2*s + 184, 3*s - 245 = -4*l. Suppose -3*y + 3*h = -54, -17 + l = 2*y + h. Let w = -6 + y. What is the units digit of w?
5
Suppose 2*t = 3*x + 17, -4*t - 3*x = -3*t - 4. Suppose t*q - 5 = 6*q. What is the units digit of q?
5
Let z be (-3)/(-3) + -2 - 0. Let l be 222/z*3/(-9). Let q = l + -47. What is the tens digit of q?
2
Let o(h) = h - 3. Let v(k) be the first derivative of -k**2/2 + 2*k + 2. Let c be v(-7). What is the units digit of o(c)?
6
Let c be 2/(-3) - (-1275)/(-45). Let a = -13 - c. Suppose -2*m = -76 + a. What is the tens digit of m?
3
Suppose 9886 + 7382 = 6*o. What is the thousands digit of o?
2
Suppose 0 = -4*q + 9*q - 40. Suppose -q*u = -0*u - 360. What is the units digit of u/18*76/10?
9
Let q(f) = -f**2 + f + 1. Let b(n) = 17*n**2 - 5*n - 5. Let l(v) = b(v) + 6*q(v). Let w be l(-2). Suppose -6*u + 29 + w = 0. What is the units digit of u?
2
Suppose r - 2*x - 214 = 228, r - 445 = x. What is the tens digit of r?
4
Let z(d) = -248*d - 496. What is the units digit of z(-11)?
2
Let t = 15 + -13. Suppose 295 = -t*f + 749. Let c = -147 + f. What is the tens digit of c?
8
Let n be ((-54)/(-15))/(6/75). Suppose 3*r - 18 = n. What is the units digit of r?
1
Suppose -2*r = 2 - 18. Suppose 6*t + 104 = r*t. What is the units digit of t?
2
Suppose -5*l + 6*l = 3. Suppose -l*b - 1 - 5 = 0, -s + 10 = -3*b. What is the units digit of s?
4
Suppose 3*q + 7430 + 1554 = 2*k, -5*q = -3*k + 13474. What is the thousands digit of k?
4
Suppose 5*o + 11 - 596 = 2*f, 2*f + 125 = o. Suppose 40 + o = 5*a. Suppose a = 2*v - 19. What is the units digit of v?
5
Let h(k) = 2*k - 7. Let r(j) = -7*j + 21. Let a(u) = 14*h(u) + 5*r(u). What is the tens digit of a(-4)?
3
Suppose -3*f = -12 + 3. Suppose -13*q + f*q = -290. What is the units digit of q?
9
Let q = 455 - -238. Suppose q - 207 = 6*n. What is the tens digit of n?
8
Let q = 5651 + -3254. What is the hundreds digit of q?
3
Let s(n) = -17*n**3 + 10*n**2 + 10*n + 7. What is the hundreds digit of s(-3)?
5
Let k be 23/(-7) + (-20)/(-70). Let l be (-11)/(-1 + k + 3). Suppose -4 = -h + l. What is the tens digit of h?
1
Let d(w) = 327*w - 248. What is the units digit of d(5)?
7
Let i = 55 - 52. What is the units digit of (-140 - (0 - -5 - i))/(-2)?
1
Suppose a + 4*g = 12, 4 + 5 = a + 3*g. Suppose a = -q - 16 + 18. What is the tens digit of 53 - ((q - -2) + -3)?
5
Let t(d) = d**3 + 5*d**2 - 5*d + 7. Let x be t(-6). Suppose -x = 2*b - 55. What is the units digit of 9/b + (-6)/(-9)?
1
Suppose -12*m = -7*m + 5*z - 615, 5*m - 3*z = 615. What is the tens digit of m?
2
Suppose 0 = 9*b - 16*b. Suppose 0*t - 5*t = 0. Suppose 3*x + 36 = 3*q, t = -2*x - b + 6. What is the units digit of q?
5
Let j(c) be the second derivative of -c**4/12 - 23*c**3/6 + 25*c**2 - 40*c. What is the units digit of j(-21)?
2
Let r(f) = -f**3 - 8*f**2 - f - 6. Let l be r(-8). Let o be l/(-4) - (-6)/12. Suppose h - 4 = -3*m, -5*m + o*h - 4*h + 9 = 0. What is the units digit of m?
1
Let m(p) = p + 3. Let z = -22 - -28. Let v(q) = -q**2 + 7*q. Let f be v(z). What is the units digit of m(f)?
9
Suppose q - 4*q = 4*u - 19, 2*q = 2*u - 6. Suppose s = q + 6. What is the units digit of s?
7
Let t = -1063 - -1207. What is the hundreds digit of t?
1
Suppose -9*f + 495 = -0*f. Let c = f + 90. What is the tens digit of c?
4
Let p be 2/(-6) + 65/15. Suppose -5*f = -12 - 13. What is the units digit of (p/f)/(1/30)?
4
Let d be (-100)/8*8/(-10). Let g(c) = 7*c - 24. What is the tens digit of g(d)?
4
Suppose -5*m + 2245 = -v - 2328, 2*v - 1822 = -2*m. What is the hundreds digit of m?
9
What is the tens digit of (2 - 0)*(-10 - (-1646)/4)?
0
Suppose -4*z = -20, 2*g + 2*g - 4*z + 20 = 0. Suppose g = p - 4*p + 18. Suppose 16 = 2*c - c - 5*v, 0 = 3*v - p. What is the units digit of c?
6
Let x(h) = -24*h**2 + 9*h - 1. Let q be x(-2). Let t = q - -237. What is the units digit of t?
2
Let o(b) = -b**3 - 12*b**2 + 106*b + 13. What is the units digit of o(-19)?
6
Suppose -2 = -3*d + 22. Suppose 4*u - d*u = 40. What is the tens digit of u/(-8)*128/4?
4
Suppose 1882 + 208 = 5*v. Suppose -4*w + 96 = -0*y + y, -4*y + w + v = 0. What is the units digit of y?
4
Let o(y) = -163*y + 13. Let q(u) = u - 1. Let a(g) = -o(g) - 4*q(g). What is the hundreds digit of a(1)?
1
Let j(q) = -q**3 + 17*q**2 + 3*q - 50. What is the hundreds digit of j(15)?
4
Let q be (-103)/2 + (1 - (-9)/(-6)). Let p = 9 - -78. Let l = q + p. What is the units digit of l?
5
Let a = -11 - -5. What is the tens digit of (-5 - a)*50/2?
2
Let q(v) = v**3 + v**2 - 45*v + 3. What is the units digit of q(7)?
0
Suppose 2 = y + y. Suppose 36 = 3*d - 3*f, -f + 74 - y = 4*d. Suppose 3*z - 1 = d. What is the units digit of z?
6
Let p(k) = 4 - 5 - 3 + k**2 - k + 5. Let s(x) = x + 3. Let a(y) = 2*p(y) - s(y). What is the tens digit of a(5)?
3
Suppose -6240 = 15*m - 18*m. Suppose c = 14*c - m. What is the units digit of c?
0
Let v(n) be the third derivative of -n**4/24 + 13*n**3/6 - 3*n**2. Let z be v(10). Suppose 4*f - 4 = 0, -18 = -h - 0*h + z*f. What is the units digit of h?
1
What is the units digit of (5/(-3))/(-5) + 5044/6?
1
Let p = 19 - -8. Suppose -29*n + p*n + 238 = 0. What is the tens digit of n?
1
Let j = 958 - 673. What is the units digit of j?
5
Suppose 2 = 4*v - 2. Let r be v/(-2)*2 + 3. Suppose 3*n - 9 = 3, -r*f - 2*n = -48. What is the tens digit of f?
2
Let t(a) be the second derivative of 7*a**5/10 - a**4/3 + 2*a**3/3 - a**2 + a. What is the hundreds digit of t(2)?
1
Let v = 341 + -185. Let g = -71 + v. What is the tens digit of g?
8
Let k(l) = -8*l - 7. Let r be k(-2). What is the tens digit of 6/r + 1230/18?
6
Suppose 0 = -9*z + 4*z - 195. What is the tens digit of 3660/39 + (-6)/z?
9
Let b(q) = 26*q - 9. Let t be b(6). Let y = t + -101. Let c = y - 24. What is the units digit of c?
2
Suppose -3*n + 30 = -0*n. Let z(t) = t**2 + 7*t + 23. What is the units digit of z(n)?
3
Let i(a) = -a**3 - 7*a**2 + 8*a. Suppose w - 2*w - 7 = 0. Let h be i(w). What is the units digit of (-16)/h - 222/(-7)?
2
Suppose 2*f - 2289 + 441 = 4*l, 0 = -l + 2. What is the units digit of f?
8
Let n(l) = 6*l**2 + 2*l - 3. Suppose 3*z - 6 = -3*w, z = 4*w + w + 14. Suppose 5 = z*d - 3. What is the tens digit of n(d)?
2
What is the units digit of (-2)/(-7) - (-5800)/280?
1
What is the hundreds digit of ((-24)/(-15) - 1) + 11635/25?
4
Let c(j) = -j**3 + 16*j**2 + 23*j - 27. Let y be c(17). What is the hundreds digit of (-5)/(y/6) - (-2468)/20?
1
Let m(c) = -c - 14. Let k be m(-12). Let n(x) = -3*x**3 + 2*x + x**3 + 0*x. What is the units digit of n(k)?
2
Let h(o) = -40*o + 1. Let q be 1 + -3 - (4 - 5). Let x be h(q). Suppose 4*s = -2*d + 52, d = -s + x - 15. What is the units digit of d?
6
Suppose 10*w - 119 = 81. What is the tens digit of (-5 - 524/w)/((-6)/20)?
0
Let z be 5 + 6645/(-18) - (-1)/6. What is the units digit of z/(-18) - ((-10)/9)/(-5)?
0
Let t be 46/8 - 2/(-8). Let u be 3/t*-6 - -6. Suppose 45 = u*k - 3*j, 5*k = 3*k + j + 27. What is the units digit of k?
2
Suppose 37*b = 35*b + 322. What is the hundreds digit of b?
1
Let z(q) = -109*q - 2. Let o be z(-2). Suppose -3*s = -3*g + o, -2*s - 5*g - 261 = 2*s. Let u = 119 + s. What is the tens digit of u?
5
Let m be 44/(-374) - (-140)/34. Let v = -3 - -5. Suppose -4*o + 70 = i + 22, m*o - 44 = -v*i. What is the tens digit of o?
1
Let l = -84 + 94. Suppose -37 = -u - 5*n + 45, -5*n + l = 0. What is the units digit of u?
2
Let d(u) = 4*u**3 - 4*u**2 + 5*u - 2. Let f be (-76)/(-19)*((-1)/2 - -1). What is the units digit of d(f)?
4
Let p be 16/24 + 896/6. Let m = 73 + p. What is the units digit of m?
3
Suppose -a = -4*a. Suppose -4*y - l - 24 = -8*y, -3*y - l = -11. Suppose -2*x = -y*h - 30, 4*h - 11 + 27 = a. What is the units digit of x?
5
Suppose 3*r = -4*h + 857, 618 = 3*r - 2*h - 209. Let c = r + -122. What is the units digit of c?
7
Suppose 4*f + r - 34 = -r, r + 1 = 0. Let n = 12 - f. Let y = n + 27. What is the tens digit of y?
3
What is the units digit of 752 - ((-10)/(-8))/(2/8)?
7
Let a =